Is 21677057159 composite?
False
Is 143381916413 a prime number?
True
Is 13163058767 composite?
False
Is 14773331 composite?
False
Is 8444978369 prime?
True
Is 8079398021 a composite number?
False
Is 1058135521 a composite number?
False
Is 9236853487 prime?
True
Is 1176442403 prime?
False
Is 1402372597 a prime number?
True
Is 14839972789 a composite number?
False
Is 414265469 a composite number?
True
Is 901861643 a prime number?
False
Is 15306062861 a prime number?
True
Is 1276673551 composite?
True
Is 1730785909 composite?
False
Is 4187069245 composite?
True
Is 10541306323 composite?
False
Is 13805141879 a prime number?
True
Is 5843508703 composite?
True
Is 17040880933 a prime number?
False
Is 80886757303 prime?
False
Is 241237686799 composite?
False
Is 47951634197 composite?
True
Is 16114310417 prime?
False
Is 975961739 composite?
True
Is 3307301617 a composite number?
False
Is 2696602877 prime?
True
Is 113490882431 a prime number?
True
Is 71199899821 a prime number?
True
Is 6055469171 a prime number?
True
Is 4553960893 prime?
True
Is 22487381 prime?
False
Is 3862048273 composite?
True
Is 5070653381 prime?
True
Is 8485245757 composite?
True
Is 18514273709 a composite number?
True
Is 42256275535 a prime number?
False
Is 8784449467 composite?
False
Is 188111743 composite?
False
Is 46890232469 prime?
False
Is 1159870379 prime?
True
Is 18124459273 a prime number?
False
Is 2435598929 a composite number?
True
Is 62872372751 a prime number?
False
Is 5199045539 composite?
True
Is 169597115239 prime?
True
Is 159436933 a prime number?
False
Is 261201641 prime?
True
Is 23129623771 composite?
False
Is 669999289 a composite number?
False
Is 1785953707 composite?
True
Is 408138301 a composite number?
False
Is 2325651619 a prime number?
True
Is 5034651829 a composite number?
True
Is 3675584281 prime?
False
Is 5421193607 prime?
True
Is 1676568391 a prime number?
False
Is 885576547 a prime number?
False
Is 5768700731 a composite number?
True
Is 599050247 a composite number?
False
Is 1515384019 composite?
True
Is 3687103367 a prime number?
True
Is 126237037 a prime number?
True
Is 6440555819 prime?
True
Is 362288963 a prime number?
False
Is 2969283629 composite?
True
Is 82022077 a prime number?
True
Is 97154623 a composite number?
True
Is 227657640905 prime?
False
Is 51050513 a composite number?
True
Is 942818801 a composite number?
True
Is 7383288851 composite?
True
Is 790682713 prime?
False
Is 239385079 prime?
False
Is 3900434101 prime?
True
Is 414288473 composite?
False
Is 7710186293 a composite number?
True
Is 19969470347 prime?
False
Is 357434573 a composite number?
False
Is 14962561 composite?
True
Is 528458513059 a composite number?
False
Is 278910319 a prime number?
True
Is 3670992373 a composite number?
False
Is 7301857483 composite?
True
Is 2948975297 composite?
False
Is 6724679191 prime?
True
Is 1105469231 prime?
True
Is 4473935113 composite?
False
Is 2339949901 composite?
True
Is 227685547 a composite number?
False
Is 24964451 prime?
True
Is 94314976653 composite?
True
Is 2273815729 a composite number?
False
Is 5893074805 a composite number?
True
Is 60444446497 composite?
False
Is 79751914631 a composite number?
False
Is 296467711 a composite number?
False
Is 42052641557 a prime number?
True
Is 27130133089 a prime number?
True
Is 3289678861 a composite number?
True
Is 1028760659 a prime number?
True
Is 1284357895 a composite number?
True
Is 229302013 a composite number?
True
Is 2354940059 a prime number?
True
Is 2944915603 prime?
False
Is 199575764159 a composite number?
False
Is 324093109 a composite number?
False
Is 12779539015 composite?
True
Is 14514309599 a composite number?
False
Is 79236349117 a composite number?
False
Is 3039084623 a composite number?
True
Is 33459903797 composite?
True
Is 5422207361 a prime number?
True
Is 168298391 prime?
False
Is 4865573767 composite?
False
Is 650065027 prime?
False
Is 244819849 a composite number?
False
Is 56681476337 composite?
True
Is 10694784649 prime?
True
Is 1227136921 a composite number?
True
Is 13653134291 a composite number?
False
Is 15693588899 composite?
True
Is 11761149619 prime?
False
Is 8539238219 a composite number?
False
Is 5884479413 a composite number?
True
Is 2471071835 composite?
True
Is 11252226449 a prime number?
True
Is 20081408143 prime?
True
Is 18545018671 a composite number?
True
Is 478848893 prime?
True
Is 10332952139 a composite number?
False
Is 761219413 composite?
False
Is 158537694299 prime?
True
Is 1848798599 prime?
False
Is 254063161397 composite?
True
Is 80255767 composite?
True
Is 3590512331 a prime number?
False
Is 6528595897 composite?
True
Is 7281482263 prime?
False
Is 48345944527 prime?
True
Is 43852214003 a prime number?
False
Is 6385706083 a prime number?
True
Is 1141216571 composite?
True
Is 289710467 composite?
False
Is 1253368013 prime?
True
Is 109532201003 prime?
False
Is 7114131503 composite?
True
Is 85649655197 a composite number?
True
Is 1217754247 composite?
True
Is 7680072761 a composite number?
True
Is 918210649 a composite number?
True
Is 11146872157 a prime number?
True
Is 40712151307 a prime number?
False
Is 741795515 a prime number?
False
Is 45689117437 composite?
False
Is 383691629 a prime number?
True
Is 1000105279 a prime number?
True
Is 33561691 prime?
False
Is 985419683 a prime number?
True
Is 881031446 prime?
False
Is 6050598423 composite?
True
Is 435709567 a prime number?
True
Is 12674007053 composite?
False
Is 5167011139 composite?
False
Is 2718321289 composite?
False
Is 1130298179 composite?
False
Is 74552927927 a prime number?
False
Is 433684961 a composite number?
False
Is 9022392293 a prime number?
False
Is 809249087 a prime number?
False
Is 18389855879 a prime number?
True
Is 5343106045 prime?
False
Is 450289997 a prime number?
False
Is 1753634681 prime?
True
Is 12263057353 composite?
False
Is 822026477 a prime number?
True
Is 952882153 a prime number?
True
Is 33102072361 composite?
False
Is 24681892349 a composite number?
False
Is 1128424631 a composite number?
True
Is 17338725631 a prime number?
False
Is 6642786523 composite?
False
Is 3666103003 prime?
True
Is 47831319617 a prime number?
False
Is 201571069 a prime number?
False
Is 35149297303 a prime number?
False
Is 105539611 prime?
False
Is 3076218043 a prime number?
False
Is 5670235331 a prime number?
True
Is 89196730411 a prime number?
False
Is 279964992833 a composite number?
True
Is 133816381063 a prime number?
True
Is 523603139 prime?
True
Is 4789183873 a prime number?
True
Is 62781326801 a prime number?
True
Is 769302151 prime?
True
Is 2818195801 composite?
False
Is 1065842023 composite?
False
Is 3571389127 a composite number?
False
Is 10875994951 a composite number?
False
Is 376274047937 a composite number?
False
Is 4804013 composite?
True
Is 215779607 prime?
False
Is 102805345 a composite number?
True
Is 8063621 a prime number?
False
Is 98460121 prime?
False
Is 1394465119 prime?
False
Is 8590275101 composite?
True
Is 5921737 a composite number?
False
Is 7510332919 a composite number?
True
Is 1689081491 a composite number?
False
Is 1129884079 prime?
True
Is 11164956769 a prime number?
False
Is 1185001781 composite?
True
Is 1268266177 prime?
True
Is 7787414099 a prime number?
True
Is 21552729691 composite?
True
Is 63579293201 a composite number?
True
Is 4033424587 a prime number?
False
Is 10101124963 a prime number?
False
Is 3952661327 composite?
False
Is 9471611 prime?
True
Is 141898562579 composite?
True
Is 260908033 prime?
True
Is 10390502947 prime?
False
Is 29717069357 prime?
True
Is 10580971461 composite?
True
Is 2602916273 composite?
True
Is 21817195163 a prime number?
True
Is 367913437 composite?
True
Is 12440869631 composite?
False
Is 20629386241 a prime number?
True
Is 1226877167 a prime number?
True
Is 2061710611 a prime number?
False
Is 122141659 composite?
False
Is 19421274241 composite?
True
Is 24226541 a composite number?
False
Is 2093469317 a composite number?
False
Is 1804149881 composite?
False
Is 679765813 composite?
True
Is 3954284363 prime?
True
Is 64925840149 prime?
True
Is 9494518939 a prime number?
True
Is 138138146401 composite?
False
Is 8255873003 prime?
False
Is 30827155 prime?
False
Is 610059997 a prime number?
True
Is 163643483 composite?
True
I